, 5, 608999
What are the prime factors of 11762227?
313, 37579
What are the prime factors of 1243617613?
7, 23, 587, 13159
List the prime factors of 14414421.
3, 7, 29, 23669
List the prime factors of 387859714.
2, 11, 109, 161743
List the prime factors of 916572599.
1483, 618053
What are the prime factors of 1319184674?
2, 97, 6799921
List the prime factors of 113018299.
61, 461, 4019
What are the prime factors of 35650436?
2, 8912609
List the prime factors of 2499010315.
5, 499802063
List the prime factors of 4752104.
2, 7, 84859
What are the prime factors of 4635227504?
2, 289701719
What are the prime factors of 25994306?
2, 13, 31, 32251
What are the prime factors of 355108361?
151, 1031, 2281
What are the prime factors of 548355988?
2, 137088997
List the prime factors of 750398678.
2, 375199339
What are the prime factors of 547069944?
2, 3, 79, 288539
List the prime factors of 2148736173.
3, 757, 946163
What are the prime factors of 4077805?
5, 137, 5953
What are the prime factors of 182847826?
2, 7, 13060559
What are the prime factors of 236644005?
3, 5, 13, 41, 29599
What are the prime factors of 17930575?
5, 13, 55171
List the prime factors of 6075874632.
2, 3, 53, 67, 71293
List the prime factors of 305721644.
2, 76430411
What are the prime factors of 53517356?
2, 181, 193, 383
What are the prime factors of 1090404208?
2, 17, 37, 108347
What are the prime factors of 74080628?
2, 17, 1089421
What are the prime factors of 22781212?
2, 5695303
What are the prime factors of 7661556654?
2, 3, 829, 1540321
What are the prime factors of 552105880?
2, 5, 13802647
What are the prime factors of 227732424?
2, 3, 1381, 6871
What are the prime factors of 770098599?
3, 3761, 22751
List the prime factors of 161745341.
367, 440723
What are the prime factors of 523926816?
2, 3, 7, 127, 877
List the prime factors of 3048477317.
3048477317
List the prime factors of 44604959.
7, 53, 251, 479
List the prime factors of 651368008.
2, 2683, 30347
List the prime factors of 76075684.
2, 19018921
What are the prime factors of 37065497?
7, 53, 99907
What are the prime factors of 1675849817?
17, 98579401
List the prime factors of 503730163.
503730163
What are the prime factors of 67693899?
3, 7, 13, 23, 10781
List the prime factors of 40887510.
2, 3, 5, 157, 8681
List the prime factors of 1402797250.
2, 5, 47, 277, 431
List the prime factors of 125365258.
2, 79, 317, 2503
What are the prime factors of 106818226?
2, 53409113
What are the prime factors of 168195208?
2, 1847, 11383
What are the prime factors of 30019905?
3, 5, 19, 35111
List the prime factors of 7570463219.
11, 109, 173, 36497
What are the prime factors of 274746371?
41, 6701131
List the prime factors of 46147031.
7, 6592433
What are the prime factors of 52627328?
2, 13, 31627
List the prime factors of 60117860.
2, 5, 11, 23, 109
List the prime factors of 4453379.
7, 41, 59, 263
What are the prime factors of 1329703945?
5, 23, 59, 195977
List the prime factors of 267442486.
2, 133721243
What are the prime factors of 35364305?
5, 59, 313, 383
What are the prime factors of 53568799?
1559, 34361
List the prime factors of 944081808.
2, 3, 17, 1156963
What are the prime factors of 192219466?
2, 19, 181, 27947
List the prime factors of 28517953.
23, 1239911
List the prime factors of 4110698497.
53, 3011, 25759
What are the prime factors of 1061509466?
2, 3461, 153353
List the prime factors of 126821723.
7, 18117389
List the prime factors of 633974348.
2, 7, 127, 25469
List the prime factors of 61909595.
5, 11, 1125629
What are the prime factors of 48660412?
2, 12165103
List the prime factors of 371367700.
2, 5, 11, 337607
What are the prime factors of 228747127?
7, 32678161
What are the prime factors of 1000685726?
2, 500342863
What are the prime factors of 20304074?
2, 7, 73, 19867
List the prime factors of 2744344909.
2744344909
List the prime factors of 721869031.
13, 55528387
What are the prime factors of 396299061?
3, 4892581
What are the prime factors of 1273009935?
3, 5, 84867329
What are the prime factors of 597028511?
41, 1931, 7541
List the prime factors of 681744486.
2, 3, 233, 487657
List the prime factors of 83021143.
173, 479891
List the prime factors of 25835605.
5, 5167121
List the prime factors of 37225238.
2, 18612619
List the prime factors of 40308612.
2, 3, 107, 31393
What are the prime factors of 2208910844?
2, 7, 17, 1949, 2381
What are the prime factors of 311563668?
2, 3, 13, 67, 2293
What are the prime factors of 36587608?
2, 4573451
List the prime factors of 31246238.
2, 17, 79, 11633
What are the prime factors of 101539416?
2, 3, 11, 384619
What are the prime factors of 158052299?
5233, 30203
List the prime factors of 46723874.
2, 23361937
List the prime factors of 485635744.
2, 11, 19, 72613
What are the prime factors of 108691893?
3, 1493, 8089
List the prime factors of 2568013028.
2, 7, 53, 83, 20849
What are the prime factors of 56833563?
3, 18944521
List the prime factors of 701616074.
2, 350808037
What are the prime factors of 292583604?
2, 3, 181, 134707
What are the prime factors of 558060690?
2, 3, 5, 11, 1691093
List the prime factors of 1524036717.
3, 7, 24191059
What are the prime factors of 451294822?
2, 11, 23, 891887
List the prime factors of 63069414.
2, 3, 10511569
What are the prime factors of 3506528129?
13, 919, 293507
What are the prime factors of 1287165704?
2, 11, 89, 149, 1103
What are the prime factors of 108937139?
17, 37, 173191
What are the prime factors of 98994893?
17, 29, 113, 1777
List the prime factors of 1657633.
23, 97, 743
What are the prime factors of 249633182?
2, 3779, 33029
List the prime factors of 76428941.
76428941
What are the prime factors of 223937385?
3, 5, 7, 673, 3169
List the prime factors of 1020154495.
5, 433, 467, 1009
List the prime factors of 229766111.
8429, 27259
What are the prime factors of 163652068?
2, 269, 152093
What are the prime factors of 76813426?
2, 38406713
What are the prime factors of 704165490?
2, 3, 5, 7, 313, 3571
List the prime factors of 41123868.
2, 3, 3426989
List the prime factors of 68953859.
13, 408011
What are the prime factors of 2392420?
2, 5, 37, 53, 61
What are the prime factors of 2155532655?
3, 5, 107, 137, 9803
List the prime factors of 206191567.
191, 313, 3449
List the prime factors of 276389031.
3, 229, 402313
What are the prime factors of 210030227?
11, 23, 163, 463
List the prime factors of 9172168.
2, 1146521
List the prime factors of 7359345244.
2, 61, 1973, 15287
What are the prime factors of 1013933051?
673, 1506587
What are the prime factors of 55178127?
3, 23, 149, 1789
List the prime factors of 1885577172.
2, 3, 157131431
List the prime factors of 17771336.
2, 11, 201947
What are the prime factors of 158140902?
2, 3, 17, 1550401
List the prime factors of 47416139.
47416139
List the prime factors of 46615396.
2, 1289, 9041
What are the prime factors of 2381840227?
13, 5087, 36017
What are the prime factors of 1777551581?
13, 136734737
What are the prime factors of 30580729?
137, 223217
What are the prime factors of 63332545?
5, 113, 197, 569
What are the prime factors of 280241577?
3, 7, 11, 404389
List the prime factors of 183118919.
79, 1097, 2113
What are the prime factors of 300833709?
3, 11, 828743
List the prime factors of 225107538.
2, 3, 59, 67, 9491
List the prime factors of 845412.
2, 3, 70451
List the prime factors of 2089379260.
2, 5, 131, 797473
List the prime factors of 1674057663.
3, 137, 317, 4283
List the prime factors of 453678710.
2, 5, 109, 416219
List the prime factors of 4110830250.
2, 3, 5, 23, 167, 1427
What are the prime factors of 772524839?
113, 6836503
What are the prime factors of 200850355?
5, 40170071
List the prime factors of 2096929003.
13, 2297, 70223
What are the prime factors of 174618335?
5, 113, 309059
List the prime factors of 384681810.
2, 3, 5, 29, 79, 193
List the prime factors of 450060838.
2, 225030419
List the prime factors of 1089913623.
3, 6983, 52027
List the prime factors of 255510866.
2, 13, 31, 317011
What are the prime factors of 48030382?
2, 151, 157, 1013
What are the prime factors of 467694501?
3, 155898167
What are the prime factors of 476328935?
5, 37, 2574751
List the prime factors of 25391149.
7, 17, 23, 9277
What are